{"id":27,"date":"2016-11-08T11:26:36","date_gmt":"2016-11-08T11:26:36","guid":{"rendered":"http:\/\/wordpress.physio-plus-koethen.de\/?page_id=27"},"modified":"2018-03-07T08:42:45","modified_gmt":"2018-03-07T08:42:45","slug":"physiotherapie","status":"publish","type":"page","link":"http:\/\/wordpress.physio-plus-koethen.de\/?page_id=27","title":{"rendered":"Physiotherapie"},"content":{"rendered":"<h1>Physiotherapie<\/h1>\n<h2>Behandlungsschwerpunkte&#8230;<\/h2>\n<ul>\n<li><strong>Osteopathie<\/strong> durchgef\u00fchrt durch unsere Osteopathin und Heilpraktikerin<\/li>\n<li>Standardisierte Heilmittelkombination D1<\/li>\n<li>KG-Ger\u00e4t &#8211; ger\u00e4tegest\u00fctzte Krankengymastik<\/li>\n<li>Manuelle Therapie<\/li>\n<li>Manuelle Therapie nach Mc Kenzie<\/li>\n<li>Manuelle Therapie nach Cyriax<\/li>\n<li>Faszientechniken nach Typaldos<\/li>\n<li>Manuelle Therapie des Kiefergelenkes<\/li>\n<li>Beckenbodengymnastik<\/li>\n<li>KG auf neurophysiologischer Grundlage PNF<\/li>\n<li>KG auf neurophysiologischer Grundlage Bobath<\/li>\n<li>Krankengymnastik<\/li>\n<li>Skoliosebehandlung nach Schroth<\/li>\n<li>Triggerpunktbehandlung<\/li>\n<li>Massagen<\/li>\n<li>Manuelle Lymphdrainage<\/li>\n<li>Kinesiotaping<\/li>\n<li>Fangopackung<\/li>\n<li>Ultraschall<\/li>\n<li>Elektrotherapie<\/li>\n<li>Traktionsliege<\/li>\n<\/ul>\n<p>Unsere Physiotherapeuten nehmen st\u00e4ndig an Weiterbildungslehrg\u00e4ngen teil. Die erlernten neuen Therapien und Behandlungstechniken flie\u00dfen in alle Behandlungen mit ein. So werden auch manuelle Behandlungstechniken in krankengymnastischen Behandlungen verwendet, um Schmerzen zu beseitigen.<br \/>\nZudem wird das neu erlernte Wissen durch regelm\u00e4\u00dfige interne Fortbildungen an alle Therapeuten weitervermittelt.<\/p>\n","protected":false},"excerpt":{"rendered":"<p>Physiotherapie Behandlungsschwerpunkte&#8230; Osteopathie durchgef\u00fchrt durch unsere Osteopathin und Heilpraktikerin Standardisierte Heilmittelkombination D1 KG-Ger\u00e4t &#8211; ger\u00e4tegest\u00fctzte Krankengymastik Manuelle Therapie Manuelle Therapie nach Mc Kenzie Manuelle Therapie nach Cyriax Faszientechniken nach Typaldos Manuelle Therapie des Kiefergelenkes Beckenbodengymnastik KG auf neurophysiologischer Grundlage PNF KG auf neurophysiologischer Grundlage Bobath Krankengymnastik Skoliosebehandlung nach Schroth Triggerpunktbehandlung Massagen Manuelle Lymphdrainage Kinesiotaping Fangopackung [&hellip;]<\/p>\n","protected":false},"author":1,"featured_media":0,"parent":0,"menu_order":0,"comment_status":"closed","ping_status":"closed","template":"","meta":[],"_links":{"self":[{"href":"http:\/\/wordpress.physio-plus-koethen.de\/index.php?rest_route=\/wp\/v2\/pages\/27"}],"collection":[{"href":"http:\/\/wordpress.physio-plus-koethen.de\/index.php?rest_route=\/wp\/v2\/pages"}],"about":[{"href":"http:\/\/wordpress.physio-plus-koethen.de\/index.php?rest_route=\/wp\/v2\/types\/page"}],"author":[{"embeddable":true,"href":"http:\/\/wordpress.physio-plus-koethen.de\/index.php?rest_route=\/wp\/v2\/users\/1"}],"replies":[{"embeddable":true,"href":"http:\/\/wordpress.physio-plus-koethen.de\/index.php?rest_route=%2Fwp%2Fv2%2Fcomments&post=27"}],"version-history":[{"count":6,"href":"http:\/\/wordpress.physio-plus-koethen.de\/index.php?rest_route=\/wp\/v2\/pages\/27\/revisions"}],"predecessor-version":[{"id":171,"href":"http:\/\/wordpress.physio-plus-koethen.de\/index.php?rest_route=\/wp\/v2\/pages\/27\/revisions\/171"}],"wp:attachment":[{"href":"http:\/\/wordpress.physio-plus-koethen.de\/index.php?rest_route=%2Fwp%2Fv2%2Fmedia&parent=27"}],"curies":[{"name":"wp","href":"https:\/\/api.w.org\/{rel}","templated":true}]}}