{"id":59,"date":"2016-11-10T11:28:16","date_gmt":"2016-11-10T11:28:16","guid":{"rendered":"http:\/\/wordpress.physio-plus-koethen.de\/?page_id=59"},"modified":"2019-02-28T11:51:52","modified_gmt":"2019-02-28T11:51:52","slug":"kontakt","status":"publish","type":"page","link":"http:\/\/wordpress.physio-plus-koethen.de\/?page_id=59","title":{"rendered":"Kontakt"},"content":{"rendered":"<h1>Kontakt und Anfahrt<\/h1>\n<p><strong>per Post:<\/strong><br \/>\nMirella Murawski<br \/>\nPhysio plus Praxis f\u00fcr Physio- und Ergotherapie<br \/>\nAribertstra\u00dfe 21<br \/>\n06366 K\u00f6then<\/p>\n<p><strong>Telefonisch erreichen Sie uns unter:<\/strong> \u00a003496 \u2013 216299<\/p>\n<p><strong>oder per E-Mail:<\/strong> <a href=\"mailto:physio-plus-koethen@t-online.de\">physio-plus-koethen@t-online.de<\/a><\/p>\n<h2>So finden Sie uns&#8230;<\/h2>\n<p><a href=\"https:\/\/goo.gl\/maps\/1UpAbNPZGd42\" target=\"_blank\" rel=\"noopener noreferrer\">Hier gehts zu Google Maps<\/a><\/p>\n<p>Bitte beachten Sie, dass beim \u00f6ffnen der Karte Daten von google erhoben werden (<a href=\"http:\/\/wordpress.physio-plus-koethen.de\/?page_id=66\" target=\"_blank\" rel=\"noopener noreferrer\">Siehe Datenschutzerkl\u00e4rung<\/a>)<\/p>\n","protected":false},"excerpt":{"rendered":"<p>Kontakt und Anfahrt per Post: Mirella Murawski Physio plus Praxis f\u00fcr Physio- und Ergotherapie Aribertstra\u00dfe 21 06366 K\u00f6then Telefonisch erreichen Sie uns unter: \u00a003496 \u2013 216299 oder per E-Mail: physio-plus-koethen@t-online.de So finden Sie uns&#8230; Hier gehts zu Google Maps Bitte beachten Sie, dass beim \u00f6ffnen der Karte Daten von google erhoben werden (Siehe Datenschutzerkl\u00e4rung)<\/p>\n","protected":false},"author":1,"featured_media":0,"parent":0,"menu_order":0,"comment_status":"closed","ping_status":"closed","template":"","meta":[],"_links":{"self":[{"href":"http:\/\/wordpress.physio-plus-koethen.de\/index.php?rest_route=\/wp\/v2\/pages\/59"}],"collection":[{"href":"http:\/\/wordpress.physio-plus-koethen.de\/index.php?rest_route=\/wp\/v2\/pages"}],"about":[{"href":"http:\/\/wordpress.physio-plus-koethen.de\/index.php?rest_route=\/wp\/v2\/types\/page"}],"author":[{"embeddable":true,"href":"http:\/\/wordpress.physio-plus-koethen.de\/index.php?rest_route=\/wp\/v2\/users\/1"}],"replies":[{"embeddable":true,"href":"http:\/\/wordpress.physio-plus-koethen.de\/index.php?rest_route=%2Fwp%2Fv2%2Fcomments&post=59"}],"version-history":[{"count":14,"href":"http:\/\/wordpress.physio-plus-koethen.de\/index.php?rest_route=\/wp\/v2\/pages\/59\/revisions"}],"predecessor-version":[{"id":191,"href":"http:\/\/wordpress.physio-plus-koethen.de\/index.php?rest_route=\/wp\/v2\/pages\/59\/revisions\/191"}],"wp:attachment":[{"href":"http:\/\/wordpress.physio-plus-koethen.de\/index.php?rest_route=%2Fwp%2Fv2%2Fmedia&parent=59"}],"curies":[{"name":"wp","href":"https:\/\/api.w.org\/{rel}","templated":true}]}}